 the units digit of j?
5
Let j = -1375 - -3132. What is the thousands digit of j?
1
Let s(h) = -4*h + 6. Let y be s(-6). Let o(z) = -z**3 - 4*z**2 - 5*z - 35. Let d be o(-5). Let b = y + d. What is the tens digit of b?
4
Let v(g) be the first derivative of g**3/3 + g**2 - 23*g - 6. What is the units digit of v(-9)?
0
Let v = -27 + 30. Suppose -3*k = u - 5*k - 9, -3 = -5*u - 4*k. Suppose 0 = 4*t - t + 3*q - 177, -u*t + v*q + 183 = 0. What is the units digit of t?
0
What is the units digit of (-1587)/(1/(-1))*10/30?
9
Let c = -45 - -40. Let p(u) = u**2 + 6*u + 7. Let i be p(c). Suppose -5*b - i*f + 211 = -81, -2*b = 5*f - 121. What is the tens digit of b?
5
Let b = 1617 + 848. What is the thousands digit of b?
2
Let q(s) = 475*s + 84. What is the tens digit of q(2)?
3
Let z = -7 + 11. Suppose -y + r = -z*y + 8, 0 = -4*y - r + 12. Suppose t = y*o - 16, -36 = -4*o - 2*t - 2*t. What is the units digit of o?
5
Suppose 593 = 2*y + u, -y - 3*u = -63 - 236. What is the hundreds digit of y?
2
Suppose -5*r + 5*w + 3467 = -4968, 4*w + 8440 = 5*r. What is the units digit of r?
2
Let z be 7/(-2)*288/(-252). Suppose 2*f - 2*i + 4*i = 174, z*f - 332 = 4*i. What is the tens digit of f?
8
Suppose 11*i - 3326 = 304. What is the tens digit of i?
3
Let t = -48 + 52. Suppose -8*y = -3*y + 5*n - 1035, -820 = -4*y + t*n. What is the tens digit of y?
0
Let p(h) = -44*h**2 - h - 2. Let q be p(-2). Let g = -116 - q. What is the tens digit of g?
6
Suppose -39*o - 100 = -43*o. Let j = o + 71. What is the units digit of j?
6
Suppose 0 = 2*z - 1013 + 369. What is the hundreds digit of z?
3
Suppose -21*r = -22*r - 37. Let k = -21 - r. What is the units digit of k?
6
Let j = -7468 - -12471. What is the thousands digit of j?
5
Let k(w) = -15*w**3 + 7*w**2 + 8*w + 2. What is the tens digit of k(-3)?
4
Let o = 689 + 603. What is the units digit of o?
2
Suppose -4*b - z + 167 = 0, -4*b + 172 = -0*b - 4*z. What is the tens digit of b?
4
Let i(m) = -m**2 - 6 - m**2 + 12*m + m**2. Let o be (-8)/(-3)*-3*6/(-8). What is the units digit of i(o)?
0
Suppose 0 = -3*b - 15, 5*g + b + 24 = -11. What is the tens digit of (248/g)/(24/(-36))?
6
Let l(k) = -11*k - 79. What is the units digit of l(-8)?
9
Let r(f) = 8*f**3 + f**2 + 2*f + 1. Let g be r(-1). Let m be 2 + 1 + (-3 - g). Let h = m + -2. What is the units digit of h?
6
Suppose -3*s = 4*u - 23, 3*u - 3*s - 10 = 2*s. Suppose -d = -4*r + 11, -u*r + 60 - 5 = -4*d. Let v = d + 24. What is the units digit of v?
9
Suppose 7*r = -6*r + 6955. What is the tens digit of r?
3
Suppose -5*z = -2*j - 3, j + 3*z + 6 = 7*z. Suppose -358 = -7*q + j. What is the units digit of q?
2
Suppose -5*b = -11*b + 24. Suppose 20 = -b*s, 7*s - 3*s - 1515 = -5*u. What is the tens digit of u?
0
Suppose 0 + 14 = 2*c. Let u(g) = 11 - 6 + 2*g**2 - g**3 + 4*g**2 + 7*g. What is the units digit of u(c)?
5
Let s(y) = -2*y**3 - y - 2 + 1 + 4*y**2 - y. Let q be s(2). Let h = 9 + q. What is the units digit of h?
4
Let t(o) = -8*o - 20*o**2 - 16*o**2 - 7 + 37*o**2. What is the tens digit of t(-5)?
5
Let v(p) = -2*p - 15. Suppose -21 = -3*l - 51. Let y be v(l). Suppose 0 = -2*j + y*q + 32, -4*j + q + 52 + 12 = 0. What is the units digit of j?
6
What is the hundreds digit of (1 + 7)/(-2)*(-330 + -19)?
3
Let p be ((-33)/9)/(2/6). Let l = 92 + p. What is the tens digit of l?
8
Suppose 2*p - 8 = 0, 3*p - 5 + 553 = 5*v. What is the tens digit of v?
1
Let w = 2085 - 1255. What is the hundreds digit of w?
8
Let n(t) = -t**3 + 11*t**2 - 12*t + 15. Let b be n(10). Let s be (-198)/b + (-15)/25. Suppose -2*l + s = -l. What is the tens digit of l?
3
Let g(s) = -s**3 - 67*s**2 - 49*s + 97. What is the hundreds digit of g(-67)?
3
Let j = 3998 - -202. What is the units digit of j?
0
Let m be (-15)/6*6*-5. Suppose -5*f + 642 = s, -2*f + m + 195 = -4*s. What is the units digit of f?
9
Let u(i) = 916*i**3 - 3*i**2 + 3*i + 6. Let d(c) = 305*c**3 - c**2 + c + 2. Let y(n) = -7*d(n) + 2*u(n). What is the tens digit of y(-1)?
0
Suppose -5 + 7 = j. Let a be (j/(-2))/(8 - 7). What is the tens digit of a/1*-3*11?
3
What is the units digit of 920/2 - (-5 - -5)?
0
Suppose -33*l - 5648 = -37*l. What is the units digit of l?
2
Let d(y) = y**3 + 9*y**2 + 8*y - 5. Let a be d(-8). Let v be 0 - -5 - (-4 - a). Suppose v*f = 5*f - 20. What is the tens digit of f?
2
Let n(y) = y**2 + 3*y - 61. What is the hundreds digit of n(-15)?
1
Let x = 955 + -249. What is the units digit of x?
6
Suppose -5*i + 23 = 4*h, -5*i = -h - 0*h - 13. Let s(b) = 46*b + 3. What is the tens digit of s(i)?
4
Suppose 0*n - 3*n = -15. Let p(c) = c + 16. Let v(j) = -2*j - 31. Let a(t) = n*p(t) + 2*v(t). What is the units digit of a(-11)?
7
Suppose 13*s - 9*s - 8 = 0. Let a = -56 + 80. Suppose -2*h + 2*t = -a, -4*h - s*t - 11 = -41. What is the units digit of h?
9
Let o(w) = w - 2. Let c be o(7). Suppose -c*l + 132 + 733 = 0. What is the tens digit of l?
7
Suppose 4*q - 557 = -5*u, 0*q - 5*q - u + 670 = 0. Let d = -19 + q. Let j = -78 + d. What is the tens digit of j?
3
What is the units digit of 6 - (5 - (1 - -61))?
3
Let q = 2 + 2. Suppose -g + p = -9, 4*g + 5*p = -5 - q. Suppose 0 = 2*x - g*x - 2*z + 46, x - 5*z + 1 = 0. What is the units digit of x?
9
Let a(y) = -y - 13. Let r be a(-12). Let i(s) = s - 1. Let h(v) = -4*v + 4. Let u(o) = r*h(o) - 5*i(o). What is the units digit of u(-6)?
7
Suppose 0 = -2*r - p - 31 + 106, 81 = 2*r - 5*p. What is the units digit of r?
8
Let p = -135 + -72. Let u = 323 + p. What is the hundreds digit of u?
1
Let w(q) = 11*q - 51. Let s be w(5). What is the tens digit of (-258)/(-21) - s/14?
1
Suppose f - 532 = -3*f + 5*k, -f + k + 133 = 0. Let h = f - 82. What is the units digit of h?
1
What is the tens digit of 60021/78*3/((-18)/(-4))?
1
Suppose -3230 = -56*n + 39*n. What is the tens digit of n?
9
Let z be 3 + (-3 - (4 - 7)). Suppose 0 = 5*a - w - 745, -2*a - z*a = -2*w - 750. Let h = a + -85. What is the units digit of h?
3
Suppose 3*l + 6*w - 515 = 11*w, 2*w - 652 = -4*l. What is the units digit of l?
5
Suppose -2*r = 2*g - 894, -10*r - 4*g - 924 = -12*r. What is the units digit of r?
2
Suppose 18*i + 575 = 23*i. Let z = 221 - i. What is the tens digit of 1 + -4 - z/(-2)?
5
Suppose 5*a = 4*a + 198. Suppose -2*t - t = -a. Let b = t + -21. What is the tens digit of b?
4
Let v(k) = 8*k**2 - 2*k - 114. What is the thousands digit of v(12)?
1
Suppose f - 6 - 26 = 0. Let z = f - -21. What is the tens digit of z?
5
Let w be -4*12/(-16)*1. Suppose -12 - w = 5*i. What is the tens digit of i*4/((-36)/105)?
3
Let b(o) be the second derivative of 8*o + o**2 - 1/3*o**3 + 0. What is the tens digit of b(-9)?
2
Let f(i) = -5*i**3 - 62*i**2 + 6*i + 11. What is the tens digit of f(-15)?
4
Suppose -f = -3*f + 80. Let t(n) = -n**3 + 3*n**2 + 5*n - 2. Let s be t(4). Suppose 56 = 3*m + m + 2*w, -5*w - f = -s*m. What is the units digit of m?
5
Let a = -880 - -907. Let l = -6 + 16. Let h = a - l. What is the units digit of h?
7
Suppose -37140 = 15*f - 45*f. What is the tens digit of f?
3
Let n(l) = 17*l**3 - 2*l**2 + 8*l - 16. What is the tens digit of n(3)?
4
Let o(w) = -w**2 + 383. What is the units digit of o(0)?
3
Let t(a) be the third derivative of -a**5/60 - 19*a**4/24 - 7*a**3/3 - 10*a**2. What is the units digit of t(-10)?
6
What is the hundreds digit of 74181/21 - (-164)/287?
5
Let o = 211 - 68. Let t = -85 + o. What is the units digit of t?
8
Suppose -s + 2*s + 5*c = 27, -18 = s - 4*c. Let n(t) = t**3 + 2*t**2 - t - 4. Let h be n(3). Suppose 0 = s*q - 0*q - h. What is the units digit of q?
9
Suppose 5*w + 3*y - 4871 = 0, 2*w - 4*y = -2*w + 3916. Suppose -w + 259 = -3*x. What is the tens digit of x?
3
Let n = -11 - -9. Let b be 160/(-15) - n/3. Let z = -2 - b. What is the units digit of z?
8
Let o(q) = -20*q - 39. Let w be o(7). Let g = -46 - w. What is the units digit of g?
3
Let g be (1 + (-1 - -2))/1. Let v(p) = p**2. Let r(o) = 12*o**2 - 3*o + 2. Let z(f) = r(f) - 6*v(f). What is the units digit of z(g)?
0
Let n = 145 - 130. Let w = 1 - 1. Suppose w = -g + n + 3. What is the units digit of g?
8
Let x(m) = -m**3 + m**2 + 3. Let j(d) = -d**3 + d + 3. Let z(h) = 3*j(h) - 2*x(h). What is the tens digit of z(-7)?
2
Suppose 9*y - 4*y + 353 = s, 3*y - 1681 = -5*s. Let v = s + -233. What is the units digit of v?
5
Let o